{"id":1718,"date":"2024-11-22T09:03:51","date_gmt":"2024-11-22T08:03:51","guid":{"rendered":"http:\/\/festivalcinefantaelx.com\/fantapress\/?page_id=1718"},"modified":"2025-11-04T19:38:29","modified_gmt":"2025-11-04T18:38:29","slug":"ultimas-noticias","status":"publish","type":"page","link":"https:\/\/festivalcinefantaelx.com\/fantapress\/ultimas-noticias\/","title":{"rendered":"\u00daltimas Noticias"},"content":{"rendered":"\t\t<div data-elementor-type=\"wp-page\" data-elementor-id=\"1718\" class=\"elementor elementor-1718\" data-elementor-post-type=\"page\">\n\t\t\t\t<div class=\"elementor-element elementor-element-7d2b25d e-flex e-con-boxed parallax_section_no qode_elementor_container_no e-con e-parent\" data-id=\"7d2b25d\" data-element_type=\"container\">\n\t\t\t\t\t<div class=\"e-con-inner\">\n\t\t\t\t<div class=\"elementor-element elementor-element-85de46d elementor-widget elementor-widget-spacer\" data-id=\"85de46d\" data-element_type=\"widget\" data-widget_type=\"spacer.default\">\n\t\t\t\t<div class=\"elementor-widget-container\">\n\t\t\t\t\t<div class=\"elementor-spacer\">\n\t\t\t<div class=\"elementor-spacer-inner\"><\/div>\n\t\t<\/div>\n\t\t\t\t<\/div>\n\t\t\t\t<\/div>\n\t\t\t\t<div class=\"elementor-element elementor-element-df2bbf3 elementor-grid-3 elementor-grid-tablet-2 elementor-grid-mobile-1 elementor-posts--thumbnail-top elementor-card-shadow-yes elementor-posts__hover-gradient elementor-widget elementor-widget-posts\" data-id=\"df2bbf3\" data-element_type=\"widget\" data-settings=\"{&quot;cards_columns&quot;:&quot;3&quot;,&quot;cards_columns_tablet&quot;:&quot;2&quot;,&quot;cards_columns_mobile&quot;:&quot;1&quot;,&quot;cards_row_gap&quot;:{&quot;unit&quot;:&quot;px&quot;,&quot;size&quot;:35,&quot;sizes&quot;:[]},&quot;cards_row_gap_tablet&quot;:{&quot;unit&quot;:&quot;px&quot;,&quot;size&quot;:&quot;&quot;,&quot;sizes&quot;:[]},&quot;cards_row_gap_mobile&quot;:{&quot;unit&quot;:&quot;px&quot;,&quot;size&quot;:&quot;&quot;,&quot;sizes&quot;:[]}}\" data-widget_type=\"posts.cards\">\n\t\t\t\t<div class=\"elementor-widget-container\">\n\t\t\t\t\t<div class=\"elementor-posts-container elementor-posts elementor-posts--skin-cards elementor-grid\">\n\t\t\t\t<article class=\"elementor-post elementor-grid-item post-2949 post type-post status-publish format-standard has-post-thumbnail hentry category-41 category-cronicas\">\n\t\t\t<div class=\"elementor-post__card\">\n\t\t\t\t<a class=\"elementor-post__thumbnail__link\" href=\"https:\/\/festivalcinefantaelx.com\/fantapress\/2025\/11\/23\/cortos-competentes-clausuran-la-manana-de-la-clausura-de-fantaelx\/\" tabindex=\"-1\" target=\"_blank\"><div class=\"elementor-post__thumbnail\"><img decoding=\"async\" width=\"185\" height=\"263\" src=\"https:\/\/festivalcinefantaelx.com\/fantapress\/wp-content\/uploads\/2025\/11\/25ff0d16-e34d-47f5-b605-92189dc14d94.png\" class=\"attachment-medium size-medium wp-image-2951\" alt=\"\" \/><\/div><\/a>\n\t\t\t\t<div class=\"elementor-post__badge\">2025<\/div>\n\t\t\t\t<div class=\"elementor-post__text\">\n\t\t\t\t<h3 class=\"elementor-post__title\">\n\t\t\t<a href=\"https:\/\/festivalcinefantaelx.com\/fantapress\/2025\/11\/23\/cortos-competentes-clausuran-la-manana-de-la-clausura-de-fantaelx\/\" target=&quot;_blank&quot;>\n\t\t\t\tCortos competentes clausuran la ma\u00f1ana de la clausura de FANTAELX\t\t\t<\/a>\n\t\t<\/h3>\n\t\t\t\t<div class=\"elementor-post__excerpt\">\n\t\t\t<p>Marina Villalba Este 22 de noviembre, \u00faltimo d\u00eda de FANTAELX, se han proyectado los \u00faltimos cortos a competici\u00f3n, que tambi\u00e9n contaron con el voto del p\u00fablico, como la tarde del viernes 21. Esta vez, el p\u00fablico ha participado en un sorteo para un cup\u00f3n en<\/p>\n\t\t<\/div>\n\t\t\n\t\t<a class=\"elementor-post__read-more\" href=\"https:\/\/festivalcinefantaelx.com\/fantapress\/2025\/11\/23\/cortos-competentes-clausuran-la-manana-de-la-clausura-de-fantaelx\/\" aria-label=\"Read more about Cortos competentes clausuran la ma\u00f1ana de la clausura de FANTAELX\" tabindex=\"-1\" target=\"_blank\">\n\t\t\tLeer M\u00e1s \u00bb\t\t<\/a>\n\n\t\t\t\t<\/div>\n\t\t\t\t<div class=\"elementor-post__meta-data\">\n\t\t\t\t\t<span class=\"elementor-post-date\">\n\t\t\t23 de noviembre de 2025\t\t<\/span>\n\t\t\t\t<span class=\"elementor-post-avatar\">\n\t\t\tNo hay comentarios\t\t<\/span>\n\t\t\t\t<\/div>\n\t\t\t\t\t<\/div>\n\t\t<\/article>\n\t\t\t\t<article class=\"elementor-post elementor-grid-item post-2940 post type-post status-publish format-standard has-post-thumbnail hentry category-41 category-cronicas\">\n\t\t\t<div class=\"elementor-post__card\">\n\t\t\t\t<a class=\"elementor-post__thumbnail__link\" href=\"https:\/\/festivalcinefantaelx.com\/fantapress\/2025\/11\/23\/un-ano-mas-el-cine-fantastico-atraviesa-el-portal-hacia-elche\/\" tabindex=\"-1\" target=\"_blank\"><div class=\"elementor-post__thumbnail\"><img fetchpriority=\"high\" decoding=\"async\" width=\"300\" height=\"169\" src=\"https:\/\/festivalcinefantaelx.com\/fantapress\/wp-content\/uploads\/2025\/11\/IMG_6814-copia-300x169.jpg\" class=\"attachment-medium size-medium wp-image-2942\" alt=\"\" srcset=\"https:\/\/festivalcinefantaelx.com\/fantapress\/wp-content\/uploads\/2025\/11\/IMG_6814-copia-300x169.jpg 300w, https:\/\/festivalcinefantaelx.com\/fantapress\/wp-content\/uploads\/2025\/11\/IMG_6814-copia-1024x576.jpg 1024w, https:\/\/festivalcinefantaelx.com\/fantapress\/wp-content\/uploads\/2025\/11\/IMG_6814-copia-768x432.jpg 768w, https:\/\/festivalcinefantaelx.com\/fantapress\/wp-content\/uploads\/2025\/11\/IMG_6814-copia-1536x864.jpg 1536w, https:\/\/festivalcinefantaelx.com\/fantapress\/wp-content\/uploads\/2025\/11\/IMG_6814-copia-2048x1152.jpg 2048w, https:\/\/festivalcinefantaelx.com\/fantapress\/wp-content\/uploads\/2025\/11\/IMG_6814-copia-700x394.jpg 700w, https:\/\/festivalcinefantaelx.com\/fantapress\/wp-content\/uploads\/2025\/11\/IMG_6814-copia-539x303.jpg 539w\" sizes=\"(max-width: 300px) 100vw, 300px\" \/><\/div><\/a>\n\t\t\t\t<div class=\"elementor-post__badge\">2025<\/div>\n\t\t\t\t<div class=\"elementor-post__text\">\n\t\t\t\t<h3 class=\"elementor-post__title\">\n\t\t\t<a href=\"https:\/\/festivalcinefantaelx.com\/fantapress\/2025\/11\/23\/un-ano-mas-el-cine-fantastico-atraviesa-el-portal-hacia-elche\/\" target=&quot;_blank&quot;>\n\t\t\t\tUn a\u00f1o m\u00e1s, el cine fant\u00e1stico atraviesa el portal hacia Elche\t\t\t<\/a>\n\t\t<\/h3>\n\t\t\t\t<div class=\"elementor-post__excerpt\">\n\t\t\t<p>Marina Villalba y Coral Maci\u00e1 (fotograf\u00eda) La XIII edici\u00f3n de FANTAELX se ha despedido el 22 de noviembre a las 18 horas con el encuentro de Carlos Areces y a las 19:30 ha comenzado la clausura y la entrega de premios. Presentadora y jurado del<\/p>\n\t\t<\/div>\n\t\t\n\t\t<a class=\"elementor-post__read-more\" href=\"https:\/\/festivalcinefantaelx.com\/fantapress\/2025\/11\/23\/un-ano-mas-el-cine-fantastico-atraviesa-el-portal-hacia-elche\/\" aria-label=\"Read more about Un a\u00f1o m\u00e1s, el cine fant\u00e1stico atraviesa el portal hacia Elche\" tabindex=\"-1\" target=\"_blank\">\n\t\t\tLeer M\u00e1s \u00bb\t\t<\/a>\n\n\t\t\t\t<\/div>\n\t\t\t\t<div class=\"elementor-post__meta-data\">\n\t\t\t\t\t<span class=\"elementor-post-date\">\n\t\t\t23 de noviembre de 2025\t\t<\/span>\n\t\t\t\t<span class=\"elementor-post-avatar\">\n\t\t\tNo hay comentarios\t\t<\/span>\n\t\t\t\t<\/div>\n\t\t\t\t\t<\/div>\n\t\t<\/article>\n\t\t\t\t<article class=\"elementor-post elementor-grid-item post-2933 post type-post status-publish format-standard has-post-thumbnail hentry category-41 category-cronicas\">\n\t\t\t<div class=\"elementor-post__card\">\n\t\t\t\t<a class=\"elementor-post__thumbnail__link\" href=\"https:\/\/festivalcinefantaelx.com\/fantapress\/2025\/11\/23\/un-encuentro-de-fantasia-con-el-fantastico-carlos-areces\/\" tabindex=\"-1\" target=\"_blank\"><div class=\"elementor-post__thumbnail\"><img decoding=\"async\" width=\"300\" height=\"169\" src=\"https:\/\/festivalcinefantaelx.com\/fantapress\/wp-content\/uploads\/2025\/11\/IMG_7098-copia-300x169.jpg\" class=\"attachment-medium size-medium wp-image-2934\" alt=\"\" srcset=\"https:\/\/festivalcinefantaelx.com\/fantapress\/wp-content\/uploads\/2025\/11\/IMG_7098-copia-300x169.jpg 300w, https:\/\/festivalcinefantaelx.com\/fantapress\/wp-content\/uploads\/2025\/11\/IMG_7098-copia-1024x576.jpg 1024w, https:\/\/festivalcinefantaelx.com\/fantapress\/wp-content\/uploads\/2025\/11\/IMG_7098-copia-768x432.jpg 768w, https:\/\/festivalcinefantaelx.com\/fantapress\/wp-content\/uploads\/2025\/11\/IMG_7098-copia-1536x864.jpg 1536w, https:\/\/festivalcinefantaelx.com\/fantapress\/wp-content\/uploads\/2025\/11\/IMG_7098-copia-2048x1152.jpg 2048w, https:\/\/festivalcinefantaelx.com\/fantapress\/wp-content\/uploads\/2025\/11\/IMG_7098-copia-700x394.jpg 700w, https:\/\/festivalcinefantaelx.com\/fantapress\/wp-content\/uploads\/2025\/11\/IMG_7098-copia-539x303.jpg 539w\" sizes=\"(max-width: 300px) 100vw, 300px\" \/><\/div><\/a>\n\t\t\t\t<div class=\"elementor-post__badge\">2025<\/div>\n\t\t\t\t<div class=\"elementor-post__text\">\n\t\t\t\t<h3 class=\"elementor-post__title\">\n\t\t\t<a href=\"https:\/\/festivalcinefantaelx.com\/fantapress\/2025\/11\/23\/un-encuentro-de-fantasia-con-el-fantastico-carlos-areces\/\" target=&quot;_blank&quot;>\n\t\t\t\tUn encuentro de fantas\u00eda con el fant\u00e1stico Carlos Areces\t\t\t<\/a>\n\t\t<\/h3>\n\t\t\t\t<div class=\"elementor-post__excerpt\">\n\t\t\t<p>Martina Escales La especial velada de este s\u00e1bado 22 ha comenzado con Fran Mateu y Mario-Paul Mart\u00ednez, director y subdirector del Festival, presentando al muy esperado actor, humorista, ilustrador y m\u00fasico Carlos Areces, que ha tenido una recepci\u00f3n espectacular por parte del p\u00fablico. Carlos Areces<\/p>\n\t\t<\/div>\n\t\t\n\t\t<a class=\"elementor-post__read-more\" href=\"https:\/\/festivalcinefantaelx.com\/fantapress\/2025\/11\/23\/un-encuentro-de-fantasia-con-el-fantastico-carlos-areces\/\" aria-label=\"Read more about Un encuentro de fantas\u00eda con el fant\u00e1stico Carlos Areces\" tabindex=\"-1\" target=\"_blank\">\n\t\t\tLeer M\u00e1s \u00bb\t\t<\/a>\n\n\t\t\t\t<\/div>\n\t\t\t\t<div class=\"elementor-post__meta-data\">\n\t\t\t\t\t<span class=\"elementor-post-date\">\n\t\t\t23 de noviembre de 2025\t\t<\/span>\n\t\t\t\t<span class=\"elementor-post-avatar\">\n\t\t\tNo hay comentarios\t\t<\/span>\n\t\t\t\t<\/div>\n\t\t\t\t\t<\/div>\n\t\t<\/article>\n\t\t\t\t<article class=\"elementor-post elementor-grid-item post-2926 post type-post status-publish format-standard has-post-thumbnail hentry category-41 category-entrevistas\">\n\t\t\t<div class=\"elementor-post__card\">\n\t\t\t\t<a class=\"elementor-post__thumbnail__link\" href=\"https:\/\/festivalcinefantaelx.com\/fantapress\/2025\/11\/23\/carlos-areces-me-gusta-mas-el-cine-que-tradicionalmente-ha-sido-mas-denostado\/\" tabindex=\"-1\" target=\"_blank\"><div class=\"elementor-post__thumbnail\"><img loading=\"lazy\" decoding=\"async\" width=\"240\" height=\"300\" src=\"https:\/\/festivalcinefantaelx.com\/fantapress\/wp-content\/uploads\/2025\/11\/MG_7123-240x300.jpg\" class=\"attachment-medium size-medium wp-image-2927\" alt=\"\" srcset=\"https:\/\/festivalcinefantaelx.com\/fantapress\/wp-content\/uploads\/2025\/11\/MG_7123-240x300.jpg 240w, https:\/\/festivalcinefantaelx.com\/fantapress\/wp-content\/uploads\/2025\/11\/MG_7123-819x1024.jpg 819w, https:\/\/festivalcinefantaelx.com\/fantapress\/wp-content\/uploads\/2025\/11\/MG_7123-768x960.jpg 768w, https:\/\/festivalcinefantaelx.com\/fantapress\/wp-content\/uploads\/2025\/11\/MG_7123-700x875.jpg 700w, https:\/\/festivalcinefantaelx.com\/fantapress\/wp-content\/uploads\/2025\/11\/MG_7123.jpg 1080w\" sizes=\"(max-width: 240px) 100vw, 240px\" \/><\/div><\/a>\n\t\t\t\t<div class=\"elementor-post__badge\">2025<\/div>\n\t\t\t\t<div class=\"elementor-post__text\">\n\t\t\t\t<h3 class=\"elementor-post__title\">\n\t\t\t<a href=\"https:\/\/festivalcinefantaelx.com\/fantapress\/2025\/11\/23\/carlos-areces-me-gusta-mas-el-cine-que-tradicionalmente-ha-sido-mas-denostado\/\" target=&quot;_blank&quot;>\n\t\t\t\tCarlos Areces: \u00abMe gusta m\u00e1s el cine que tradicionalmente ha sido m\u00e1s denostado\u00bb\t\t\t<\/a>\n\t\t<\/h3>\n\t\t\t\t<div class=\"elementor-post__excerpt\">\n\t\t\t<p>Martina Escales, Marina Villalba, Zoe Montilla, H\u00e9ctor Ant\u00f3n y Coral Maci\u00e1 (fotograf\u00eda) Este s\u00e1bado, 22 de noviembre, Carlos Areces se ha teletransportado al Centro de Congresos Ciutat d&#8217;Elx en el que se ha realizado un coloquio con Fran Mateu y Mario-Paul Mart\u00ednez, director y subdirector<\/p>\n\t\t<\/div>\n\t\t\n\t\t<a class=\"elementor-post__read-more\" href=\"https:\/\/festivalcinefantaelx.com\/fantapress\/2025\/11\/23\/carlos-areces-me-gusta-mas-el-cine-que-tradicionalmente-ha-sido-mas-denostado\/\" aria-label=\"Read more about Carlos Areces: \u00abMe gusta m\u00e1s el cine que tradicionalmente ha sido m\u00e1s denostado\u00bb\" tabindex=\"-1\" target=\"_blank\">\n\t\t\tLeer M\u00e1s \u00bb\t\t<\/a>\n\n\t\t\t\t<\/div>\n\t\t\t\t<div class=\"elementor-post__meta-data\">\n\t\t\t\t\t<span class=\"elementor-post-date\">\n\t\t\t23 de noviembre de 2025\t\t<\/span>\n\t\t\t\t<span class=\"elementor-post-avatar\">\n\t\t\tNo hay comentarios\t\t<\/span>\n\t\t\t\t<\/div>\n\t\t\t\t\t<\/div>\n\t\t<\/article>\n\t\t\t\t<article class=\"elementor-post elementor-grid-item post-2913 post type-post status-publish format-standard has-post-thumbnail hentry category-41 category-cronicas\">\n\t\t\t<div class=\"elementor-post__card\">\n\t\t\t\t<a class=\"elementor-post__thumbnail__link\" href=\"https:\/\/festivalcinefantaelx.com\/fantapress\/2025\/11\/22\/cuando-la-cultura-japonesa-se-une-a-la-occidental-panoramica-de-la-segunda-jornada-de-charlas\/\" tabindex=\"-1\" target=\"_blank\"><div class=\"elementor-post__thumbnail\"><img loading=\"lazy\" decoding=\"async\" width=\"300\" height=\"188\" src=\"https:\/\/festivalcinefantaelx.com\/fantapress\/wp-content\/uploads\/2025\/11\/Droga-en-bolsita-300x188.jpeg\" class=\"attachment-medium size-medium wp-image-2914\" alt=\"\" srcset=\"https:\/\/festivalcinefantaelx.com\/fantapress\/wp-content\/uploads\/2025\/11\/Droga-en-bolsita-300x188.jpeg 300w, https:\/\/festivalcinefantaelx.com\/fantapress\/wp-content\/uploads\/2025\/11\/Droga-en-bolsita-1024x640.jpeg 1024w, https:\/\/festivalcinefantaelx.com\/fantapress\/wp-content\/uploads\/2025\/11\/Droga-en-bolsita-768x480.jpeg 768w, https:\/\/festivalcinefantaelx.com\/fantapress\/wp-content\/uploads\/2025\/11\/Droga-en-bolsita-700x438.jpeg 700w, https:\/\/festivalcinefantaelx.com\/fantapress\/wp-content\/uploads\/2025\/11\/Droga-en-bolsita.jpeg 1366w\" sizes=\"(max-width: 300px) 100vw, 300px\" \/><\/div><\/a>\n\t\t\t\t<div class=\"elementor-post__badge\">2025<\/div>\n\t\t\t\t<div class=\"elementor-post__text\">\n\t\t\t\t<h3 class=\"elementor-post__title\">\n\t\t\t<a href=\"https:\/\/festivalcinefantaelx.com\/fantapress\/2025\/11\/22\/cuando-la-cultura-japonesa-se-une-a-la-occidental-panoramica-de-la-segunda-jornada-de-charlas\/\" target=&quot;_blank&quot;>\n\t\t\t\tCuando la cultura japonesa se une a la occidental: panor\u00e1mica de la segunda jornada de ponencias\t\t\t<\/a>\n\t\t<\/h3>\n\t\t\t\t<div class=\"elementor-post__excerpt\">\n\t\t\t<p>Ad\u00e1n Pag\u00e1n Este viernes, 21 de noviembre, ha tenido lugar en el Centro de Congresos la segunda reuni\u00f3n dedicada a presentaciones relacionadas con el fant\u00e1stico y centradas en la efem\u00e9ride de este a\u00f1o: la cultura japonesa. Tras una reproducci\u00f3n del v\u00eddeo introductorio recibida por un<\/p>\n\t\t<\/div>\n\t\t\n\t\t<a class=\"elementor-post__read-more\" href=\"https:\/\/festivalcinefantaelx.com\/fantapress\/2025\/11\/22\/cuando-la-cultura-japonesa-se-une-a-la-occidental-panoramica-de-la-segunda-jornada-de-charlas\/\" aria-label=\"Read more about Cuando la cultura japonesa se une a la occidental: panor\u00e1mica de la segunda jornada de ponencias\" tabindex=\"-1\" target=\"_blank\">\n\t\t\tLeer M\u00e1s \u00bb\t\t<\/a>\n\n\t\t\t\t<\/div>\n\t\t\t\t<div class=\"elementor-post__meta-data\">\n\t\t\t\t\t<span class=\"elementor-post-date\">\n\t\t\t22 de noviembre de 2025\t\t<\/span>\n\t\t\t\t<span class=\"elementor-post-avatar\">\n\t\t\tNo hay comentarios\t\t<\/span>\n\t\t\t\t<\/div>\n\t\t\t\t\t<\/div>\n\t\t<\/article>\n\t\t\t\t<article class=\"elementor-post elementor-grid-item post-2898 post type-post status-publish format-standard has-post-thumbnail hentry category-41 category-cronicas\">\n\t\t\t<div class=\"elementor-post__card\">\n\t\t\t\t<a class=\"elementor-post__thumbnail__link\" href=\"https:\/\/festivalcinefantaelx.com\/fantapress\/2025\/11\/22\/asesinos-y-fantasmas-compiten-en-fantaelx\/\" tabindex=\"-1\" target=\"_blank\"><div class=\"elementor-post__thumbnail\"><img loading=\"lazy\" decoding=\"async\" width=\"1\" height=\"1\" src=\"https:\/\/festivalcinefantaelx.com\/fantapress\/wp-content\/uploads\/2025\/11\/IMG_20251121_163702.jpg\" class=\"attachment-medium size-medium wp-image-2900\" alt=\"\" \/><\/div><\/a>\n\t\t\t\t<div class=\"elementor-post__badge\">2025<\/div>\n\t\t\t\t<div class=\"elementor-post__text\">\n\t\t\t\t<h3 class=\"elementor-post__title\">\n\t\t\t<a href=\"https:\/\/festivalcinefantaelx.com\/fantapress\/2025\/11\/22\/asesinos-y-fantasmas-compiten-en-fantaelx\/\" target=&quot;_blank&quot;>\n\t\t\t\tAsesinos y fantasmas compiten en FANTAELX\t\t\t<\/a>\n\t\t<\/h3>\n\t\t\t\t<div class=\"elementor-post__excerpt\">\n\t\t\t<p>Martina Escales Este viernes a las 16:30 se ha proyectado en el Auditorio del Centro de Congresos Ciutat d&#8217;Elx una sesi\u00f3n de cortometrajes en competici\u00f3n, en la que el p\u00fablico ha podido votar su cortometraje favorito. El evento ha iniciado con un breve discurso de<\/p>\n\t\t<\/div>\n\t\t\n\t\t<a class=\"elementor-post__read-more\" href=\"https:\/\/festivalcinefantaelx.com\/fantapress\/2025\/11\/22\/asesinos-y-fantasmas-compiten-en-fantaelx\/\" aria-label=\"Read more about Asesinos y fantasmas compiten en FANTAELX\" tabindex=\"-1\" target=\"_blank\">\n\t\t\tLeer M\u00e1s \u00bb\t\t<\/a>\n\n\t\t\t\t<\/div>\n\t\t\t\t<div class=\"elementor-post__meta-data\">\n\t\t\t\t\t<span class=\"elementor-post-date\">\n\t\t\t22 de noviembre de 2025\t\t<\/span>\n\t\t\t\t<span class=\"elementor-post-avatar\">\n\t\t\tNo hay comentarios\t\t<\/span>\n\t\t\t\t<\/div>\n\t\t\t\t\t<\/div>\n\t\t<\/article>\n\t\t\t\t<\/div>\n\t\t\n\t\t\t\t<\/div>\n\t\t\t\t<\/div>\n\t\t\t\t<div class=\"elementor-element elementor-element-8a6656f elementor-widget elementor-widget-spacer\" data-id=\"8a6656f\" data-element_type=\"widget\" data-widget_type=\"spacer.default\">\n\t\t\t\t<div class=\"elementor-widget-container\">\n\t\t\t\t\t<div class=\"elementor-spacer\">\n\t\t\t<div class=\"elementor-spacer-inner\"><\/div>\n\t\t<\/div>\n\t\t\t\t<\/div>\n\t\t\t\t<\/div>\n\t\t\t\t\t<\/div>\n\t\t\t\t<\/div>\n\t\t\t\t<\/div>\n\t\t","protected":false},"excerpt":{"rendered":"","protected":false},"author":1,"featured_media":0,"parent":0,"menu_order":0,"comment_status":"open","ping_status":"closed","template":"","meta":{"footnotes":""},"class_list":["post-1718","page","type-page","status-publish","hentry"],"_links":{"self":[{"href":"https:\/\/festivalcinefantaelx.com\/fantapress\/wp-json\/wp\/v2\/pages\/1718","targetHints":{"allow":["GET"]}}],"collection":[{"href":"https:\/\/festivalcinefantaelx.com\/fantapress\/wp-json\/wp\/v2\/pages"}],"about":[{"href":"https:\/\/festivalcinefantaelx.com\/fantapress\/wp-json\/wp\/v2\/types\/page"}],"author":[{"embeddable":true,"href":"https:\/\/festivalcinefantaelx.com\/fantapress\/wp-json\/wp\/v2\/users\/1"}],"replies":[{"embeddable":true,"href":"https:\/\/festivalcinefantaelx.com\/fantapress\/wp-json\/wp\/v2\/comments?post=1718"}],"version-history":[{"count":16,"href":"https:\/\/festivalcinefantaelx.com\/fantapress\/wp-json\/wp\/v2\/pages\/1718\/revisions"}],"predecessor-version":[{"id":2551,"href":"https:\/\/festivalcinefantaelx.com\/fantapress\/wp-json\/wp\/v2\/pages\/1718\/revisions\/2551"}],"wp:attachment":[{"href":"https:\/\/festivalcinefantaelx.com\/fantapress\/wp-json\/wp\/v2\/media?parent=1718"}],"curies":[{"name":"wp","href":"https:\/\/api.w.org\/{rel}","templated":true}]}}